?
False
Is 7264445206 a multiple of 154?
False
Is 981 a factor of 1120867056?
True
Is 18 a factor of 1317357468?
True
Is 70 a factor of 139374620?
True
Does 49 divide 92089270?
False
Does 1175 divide 129154381?
False
Is 4601742 even?
True
Is 3 a factor of 19435513?
False
Is 2038867718 a multiple of 7231?
False
Does 431 divide 2778644?
False
Does 86 divide 343554668?
False
Is 1905375 a multiple of 19?
False
Is 120 a factor of 69463680?
True
Does 8 divide 217950272?
True
Does 69 divide 2750732591?
False
Is 821 a factor of 439880306?
True
Does 12 divide 8982820?
False
Is 1628279217 a multiple of 10651?
False
Is 5928995553 a multiple of 13?
True
Does 1254 divide 106672764?
True
Is 260 a factor of 11705702?
False
Does 185 divide 149161861?
False
Does 48 divide 39513205?
False
Is 13655232 a multiple of 36?
True
Is 115 a factor of 282068780?
True
Does 124 divide 17566963?
False
Does 1918 divide 935111548?
False
Is 94615657 a multiple of 140?
False
Is 87 a factor of 51172649?
False
Does 7 divide 11355918?
True
Does 69 divide 2738605860?
True
Does 29 divide 196211659?
False
Is 434013229 a multiple of 13?
True
Is 1080 a factor of 2239920?
True
Does 384 divide 5343354?
False
Is 38 a factor of 632745448?
True
Does 7315 divide 559062184?
False
Is 8 a factor of 40996168?
True
Is 251412472 a multiple of 8?
True
Is 369060263 a multiple of 143?
True
Is 3472023995 a multiple of 2669?
False
Is 610 a factor of 71473700?
True
Does 639 divide 107753585?
False
Is 4151 a factor of 314039754?
True
Is 33537600 a multiple of 800?
True
Is 13 a factor of 581847?
False
Is 90 a factor of 304923156?
False
Does 53 divide 398286626?
True
Is 379801381 a multiple of 23?
False
Is 24366165 a multiple of 16?
False
Is 12 a factor of 106806876?
True
Is 4 a factor of 59551744?
True
Is 174939151 a multiple of 18?
False
Is 25 a factor of 11095175?
True
Is 20370611 a multiple of 2?
False
Does 494 divide 122394708?
False
Does 318 divide 30393804?
True
Is 21279150 a multiple of 22?
False
Is 223417584 a multiple of 2529?
False
Is 454 a factor of 155447784?
True
Is 102267998 a multiple of 7?
True
Is 877 a factor of 780346644?
False
Is 22 a factor of 32277556?
False
Does 243 divide 291639609?
True
Is 1055 a factor of 1192103580?
True
Is 263 a factor of 15949576?
False
Is 4850767500 a multiple of 6410?
True
Is 64822685 a multiple of 145?
True
Is 25 a factor of 72808922?
False
Is 5395290 a multiple of 30?
True
Is 2173 a factor of 43651224?
True
Is 20 a factor of 10021827?
False
Does 21 divide 3011484?
True
Is 48 a factor of 5258510?
False
Is 729599882 a multiple of 228?
False
Is 1302115 a multiple of 3?
False
Does 431 divide 48831007?
True
Does 198 divide 27938539?
False
Is 194406930 a multiple of 5441?
True
Does 4 divide 7434496?
True
Is 11 a factor of 109412941?
True
Is 559 a factor of 1998317227?
False
Is 504696900 a multiple of 1454?
False
Is 57 a factor of 276656233?
False
Does 292 divide 89741266?
False
Does 166 divide 19418182?
True
Does 9 divide 121496445?
True
Is 259514986 a multiple of 169?
False
Is 83896859 a multiple of 553?
False
Is 119 a factor of 46675965?
True
Is 7195 a factor of 2807895529?
False
Is 315932314 a multiple of 9?
False
Is 1966 a factor of 72720727?
False
Is 243 a factor of 32692215?
False
Is 810568826 a multiple of 291?
False
Is 20 a factor of 1228594668?
False
Does 4351 divide 137155706?
False
Does 125 divide 1780922125?
True
Does 48 divide 86589840?
True
Does 1134 divide 10260792?
False
Is 19648486 a multiple of 77?
False
Does 139 divide 43568749?
False
Is 1322 a factor of 3582756166?
True
Is 274030903 a multiple of 2509?
False
Is 838 a factor of 586305024?
True
Is 13822029 a multiple of 743?
True
Does 3 divide 5113152?
True
Does 126 divide 73675854?
True
Is 429889224 a multiple of 626?
True
Is 526 a factor of 40479786?
False
Is 109025877 a multiple of 12?
False
Is 3625656494 a multiple of 441?
False
Is 8682576 a multiple of 9?
False
Is 70571386 a multiple of 29?
False
Does 42 divide 749868?
True
Is 180255544 a multiple of 371?
True
Is 70 a factor of 51797232?
False
Is 1215660615 a multiple of 7687?
True
Is 777 a factor of 269099964?
True
Does 92 divide 260207293?
False
Is 48305755 a multiple of 17?
True
Is 62 a factor of 2872518707?
False
Is 40 a factor of 23495880?
True
Is 53 a factor of 50125395?
False
Is 1258819492 a multiple of 28?
True
Is 8910545 a multiple of 805?
True
Is 14 a factor of 6328272?
False
Does 125 divide 321300441?
False
Does 9 divide 9466767?
True
Does 1018 divide 5886076?
True
Does 9 divide 5376262?
False
Is 1224578367 a multiple of 171?
True
Is 13395261 a multiple of 8?
False
Is 5836 a factor of 1511317296?
False
Does 4655 divide 1567034044?
False
Does 10 divide 12701540?
True
Is 15 a factor of 2553535872?
False
Is 10 a factor of 21750326?
False
Does 245 divide 69722835?
True
Is 746 a factor of 21865260?
True
Is 116813791 a multiple of 215?
False
Is 6 a factor of 21630944?
False
Is 308 a factor of 8088762?
False
Is 139 a factor of 3710451?
False
Does 28 divide 477065478?
False
Does 17 divide 20872991?
True
Is 920716243 a multiple of 3?
False
Does 4 divide 2493636?
True
Does 2278 divide 243211659?
False
Is 428828768 a multiple of 158?
False
Does 18 divide 93564090?
True
Does 1620 divide 2390768460?
True
Is 119338405 a multiple of 4109?
False
Is 1572199005 a multiple of 555?
True
Does 771 divide 3302193?
True
Does 42 divide 59936975?
False
Is 92813472 a multiple of 568?
True
Is 522 a factor of 15296081?
False
Is 313481344 a multiple of 32?
True
Is 5242236 a multiple of 1129?
False
Is 842538472 a multiple of 415?
False
Is 254 a factor of 42203878?
True
Is 27078087 a multiple of 6?
False
Does 361 divide 12097437?
False
Is 946404 a multiple of 169?
False
Does 570 divide 314054610?
True
Is 369061786 a multiple of 224?
False
Does 268 divide 381242352?
False
Is 40256366 a multiple of 192?
False
Is 46135874 a multiple of 62?
True
Is 334313872 a multiple of 495?
False
Is 6 a factor of 12953088?
True
Is 74 a factor of 158679828?
True
Is 1425441730 a multiple of 109?
False
Does 8 divide 799649440?
True
Is 153001215 a multiple of 24?
False
Does 2215 divide 26274330?
True
Is 74609920 a multiple of 14?
True
Does 65 divide 6047566430?
False
Is 226324119 a multiple of 4269?
False
Is 8091399 a multiple of 10?
False
Is 3787769 a multiple of 3?
False
Does 912 divide 1915716192?
True
Does 19 divide 12285005?
False
Is 7 a factor of 1076799045?
True
Is 60 a factor of 9274311?
False
Does 431 divide 3163481?
False
Is 309579546 a multiple of 3991?
False
Is 2969254 a multiple of 49?
False
Is 50573701 a multiple of 813?
False
Is 73 a factor of 536596188?
False
Is 142 a factor of 6490186?
False
Does 5 divide 4320495?
True
Does 406 divide 32223713?
False
Does 136 divide 1466108968?
True
Is 9 a factor of 149625531?
True
Is 11439 a factor of 1597685130?
True
Does 1487 divide 514015751?
True
Is 211 a factor of 66396641?
False
Does 2388 divide 46140936?
True
Is 12 a factor of 1294530319?
False
Is 601 a factor of 489306262?
False
Is 31544828 a multiple of 908?
True
Is 158 a factor of 14326367?
False
Is 9098088 a multiple of 3487?
False
Does 21 divide 72511257?
True
Is 34962224 a multiple of 22?
True
Is 5194 a factor of 133146504?
False
Is 4190 a factor of 84013690?
True
Does 233 divide 213986967?
True
Is 30 a factor of 1167081115?
False
Is 1703443760 a multiple of 40?
True
Does 11 divide 962078799?
True
Is 119654496 a multiple of 1872?
True
Is 237477884 a multiple of 4?
True
Is 80990484 a multiple of 2309?
True
Is 1375 a factor of 407253918?
False
Is 481061019 a multiple of 19?
True
Is 286765390 a multiple of 14?
False
Does 557 divide 383057255?
True
Is 4087 a factor of 186763639?
True
Is 326214311 a multiple of 509?
False
Is 164670912 even?
True
Is 4 a factor of 34501417?
False
Is 54272058 a multiple of 51?
True
Is 18806233 a multiple of 34?
False
Is 20 a factor of 31527327?
False
Does 88 divide 22719990?
False
Is 3 a factor of 29758190?
False
Does 126 divide 1842251418?
True
Does 15 divide 74023067?
False
Does 51 divide 194228145?
True
Is 134 a factor of 603062333?
False
Is 121406908 a multiple of 1372?
True
Does 16 divide 26482721?
False
Is 33734070 a multiple of 30?
True
Does 85 divide 25674760?
True
Is 1177487735 a multiple of 256?
False
Does 630 divide 32820480?
T